{"id":4974,"date":"2016-01-30T16:22:54","date_gmt":"2016-01-31T02:22:54","guid":{"rendered":"http:\/\/www.lyceesamuelraapoto.com\/?page_id=4974"},"modified":"2023-08-20T09:15:41","modified_gmt":"2023-08-20T19:15:41","slug":"bac-pro-ma","status":"publish","type":"page","link":"https:\/\/www.lyceesamuelraapoto.com\/?page_id=4974","title":{"rendered":"Bac pro M\u00e9tiers de l&rsquo;Accueil"},"content":{"rendered":"<p><strong>Ce bac professionnel forme des charg\u00e9s de l&rsquo;accueil exer\u00e7ant dans toutes les organisations susceptibles de recevoir des visiteurs, des clients, des usagers et du trafic t\u00e9l\u00e9phonique.<\/strong><\/p>\n<p>&nbsp;<\/p>\n<p>Le titulaire de ce dipl\u00f4me exerce des fonctions comme h\u00f4te(sse) d&rsquo;accueil, charg\u00e9(e) d&rsquo;accueil, standardiste, h\u00f4te(sse) standardiste, t\u00e9l\u00e9-conseiller(\u00e8re).<\/p>\n<p>&nbsp;<\/p>\n<p>Il peut \u00e9galement occuper des postes d&rsquo;agent multi services d&rsquo;accueil dans les h\u00f4pitaux ou \u00eatre agent d&rsquo;accueil ou agent d&rsquo;escale dans les transports.<\/p>\n<p>&nbsp;<\/p>\n<p>Il maitrise au moins une langue \u00e9trang\u00e8re, les outils t\u00e9l\u00e9phoniques \u00e9volu\u00e9s, les logiciels de bureautique ainsi que les logiciels sp\u00e9cifiques \u00e0 l&rsquo;accueil.<\/p>\n<p>&nbsp;<\/p>\n<p>Form\u00e9 aux techniques relationnelles, il sait traiter les demandes en face-\u00e0-face ou par t\u00e9l\u00e9phone, \u00e9valuer la satisfaction de l&rsquo;interlocuteur, prendre en charge les r\u00e9clamations.<\/p>\n<p>&nbsp;<\/p>\n<p>Il a \u00e9galement des comp\u00e9tences commerciales.<\/p>\n<p>&nbsp;<\/p>\n<p>Il conna\u00eet les caract\u00e9ristiques de la client\u00e8le et sait vendre des services ou produits li\u00e9s \u00e0 l&rsquo;accueil et participe \u00e0 la fid\u00e9lisation de la client\u00e8le.<\/p>\n<p>&nbsp;<\/p>\n<p>&nbsp;<\/p>\n<p><strong>ENSEIGNEMENTS<\/strong><\/p>\n<p>&nbsp;<\/p>\n<p><strong>Par semaine sur les 3 ann\u00e9es de formation :<\/strong><\/p>\n<p>&#8211; Pr\u00e9vention, sant\u00e9, environnement (1h)<\/p>\n<p>&#8211; Pratiques et techniques relationnelles (6h)<\/p>\n<p>&#8211; \u00c9conomie-droit (3h)<\/p>\n<p>&#8211; D\u00e9marche commerciale (7h)<\/p>\n<p>&#8211; Fran\u00e7ais, Maths, Histoire-g\u00e9ographie, langue vivante<\/p>\n<p>&nbsp;<\/p>\n<p><strong>Stages : <\/strong><\/p>\n<p><span style=\"color: #ff0000;\">22 semaines en entreprise<\/span> (6 en classe de seconde ; 8 semaines en premi\u00e8re et en terminale).<\/p>\n","protected":false},"excerpt":{"rendered":"<p>Ce bac professionnel forme des charg\u00e9s de l&rsquo;accueil exer\u00e7ant dans toutes les organisations susceptibles de recevoir des visiteurs, des clients, des usagers et du trafic t\u00e9l\u00e9phonique. &nbsp; Le titulaire de ce dipl\u00f4me exerce des fonctions comme h\u00f4te(sse) d&rsquo;accueil, charg\u00e9(e) d&rsquo;accueil, standardiste, h\u00f4te(sse) standardiste, t\u00e9l\u00e9-conseiller(\u00e8re). &nbsp; Il peut \u00e9galement occuper des postes d&rsquo;agent multi services d&rsquo;accueil [&hellip;]<\/p>\n","protected":false},"author":3,"featured_media":0,"parent":0,"menu_order":0,"comment_status":"closed","ping_status":"closed","template":"","meta":{"ngg_post_thumbnail":0,"_mc_calendar":[],"footnotes":""},"class_list":["post-4974","page","type-page","status-publish","hentry"],"_links":{"self":[{"href":"https:\/\/www.lyceesamuelraapoto.com\/index.php?rest_route=\/wp\/v2\/pages\/4974","targetHints":{"allow":["GET"]}}],"collection":[{"href":"https:\/\/www.lyceesamuelraapoto.com\/index.php?rest_route=\/wp\/v2\/pages"}],"about":[{"href":"https:\/\/www.lyceesamuelraapoto.com\/index.php?rest_route=\/wp\/v2\/types\/page"}],"author":[{"embeddable":true,"href":"https:\/\/www.lyceesamuelraapoto.com\/index.php?rest_route=\/wp\/v2\/users\/3"}],"replies":[{"embeddable":true,"href":"https:\/\/www.lyceesamuelraapoto.com\/index.php?rest_route=%2Fwp%2Fv2%2Fcomments&post=4974"}],"version-history":[{"count":0,"href":"https:\/\/www.lyceesamuelraapoto.com\/index.php?rest_route=\/wp\/v2\/pages\/4974\/revisions"}],"wp:attachment":[{"href":"https:\/\/www.lyceesamuelraapoto.com\/index.php?rest_route=%2Fwp%2Fv2%2Fmedia&parent=4974"}],"curies":[{"name":"wp","href":"https:\/\/api.w.org\/{rel}","templated":true}]}}