{"id":4971,"date":"2016-01-30T16:20:10","date_gmt":"2016-01-31T02:20:10","guid":{"rendered":"http:\/\/www.lyceesamuelraapoto.com\/?page_id=4971"},"modified":"2023-08-20T09:05:30","modified_gmt":"2023-08-20T19:05:30","slug":"bac-pro-gestion-administration-agora","status":"publish","type":"page","link":"https:\/\/www.lyceesamuelraapoto.com\/?page_id=4971","title":{"rendered":"Bac pro AGORA"},"content":{"rendered":"<p>Le nouveau bac professionnel Assistance \u00e0 la gestion des organisations et de leurs activit\u00e9s a \u00e9t\u00e9 cr\u00e9\u00e9 pour r\u00e9pondre au <strong>besoin d\u2019assistants polyvalents de niveau bac,<\/strong> capables de seconder le responsable d\u2019une petite entreprise ou le manager d\u2019un service dans une soci\u00e9t\u00e9 plus importante, une collectivit\u00e9 territoriale, une administration, une association\u2026<\/p>\n<p>&nbsp;<\/p>\n<p>Le titulaire du bac pro gestion administration sera capable de <strong>prendre en charge toutes les activit\u00e9s relevant de la gestion administrative<\/strong> :<\/p>\n<p>&#8211; gestion commerciale,<\/p>\n<p>&#8211; communication,<\/p>\n<p>&#8211; gestion du personnel,<\/p>\n<p>&#8211; gestion de la production,<\/p>\n<p>&#8211; mise en \u0153uvre de projets&#8230;<\/p>\n<p>&nbsp;<\/p>\n<p>L\u2019originalit\u00e9 du nouveau bac pro AGORA r\u00e9side dans <strong>l\u2019organisation de la formation<\/strong>.<\/p>\n<p>Les salles et les \u00e9quipements se rapprochent de ce que l\u2019on trouve dans le monde professionnel : de vraies banques d\u2019accueil, des standards t\u00e9l\u00e9phoniques, ne d\u00e9coration semblable \u00e0 celle d\u2019une entreprise ; pas de salle de classe traditionnelle, mais des tables de r\u00e9union autour desquelles professeur et \u00e9l\u00e8ves pr\u00e9parent les actions \u00e0 r\u00e9aliser ensuite sur PC.<\/p>\n<p>&nbsp;<\/p>\n<p>Les futurs bacheliers sont <strong>confront\u00e9s \u00e0 des situations professionnelles<\/strong> au cours de leurs 3 ann\u00e9es de formation : par exemple, pr\u00e9parer l\u2019assembl\u00e9e g\u00e9n\u00e9rale d\u2019une association, organiser le d\u00e9placement de commerciaux \u00e0 l\u2019\u00e9tranger ou l\u2019arbre de No\u00ebl de l\u2019entreprise.<\/p>\n<p>&nbsp;<\/p>\n<p><span style=\"text-decoration: underline;\"><strong>ENSEIGNEMENTS<\/strong><\/span><\/p>\n<p>&nbsp;<\/p>\n<p>&#8211; \u00c9ducation civique juridique et sociale (ECJS) (0,5h)<br \/>\n&#8211; Vie sociale et professionnelle (VSP) (1h)<br \/>\n&#8211; Comptabilit\u00e9 (7h)<br \/>\n&#8211; Communication et Organisation (7h)<br \/>\n&#8211; \u00c9conomie-Droit (2h)<\/p>\n<p>&nbsp;<\/p>\n<p>&#8211; Maths, Histoire-g\u00e9ographie, Fran\u00e7ais, langue vivante<\/p>\n<p>&nbsp;<\/p>\n<p>La formation inclut <span style=\"color: #ff0000;\">22 semaines de formation en milieu professionnel.<\/span><\/p>\n<p>&nbsp;<\/p>\n<p><span style=\"text-decoration: underline;\"><strong>POURSUITE D\u2019\u00c9TUDES<\/strong><\/span><\/p>\n<p>&nbsp;<\/p>\n<p>Le bac pro AGORA autorise bien s\u00fbr certaines poursuites d\u2019\u00e9tudes, en particulier en BTS GPME ou en BTS MCO.<\/p>\n<p>&nbsp;<\/p>\n<p>Pour en savoir plus, rendez-vous sur le site de Onisep (https:\/\/www.onisep.fr\/ressources\/univers-formation\/formations\/Lycees\/bac-pro-assistance-a-la-gestion-des-organisations-et-de-leurs-activites) ou consultez le r\u00e9f\u00e9rentiel publi\u00e9 par le minist\u00e8re de l\u2019\u00c9ducation nationale.<\/p>\n","protected":false},"excerpt":{"rendered":"<p>Le nouveau bac professionnel Assistance \u00e0 la gestion des organisations et de leurs activit\u00e9s a \u00e9t\u00e9 cr\u00e9\u00e9 pour r\u00e9pondre au besoin d\u2019assistants polyvalents de niveau bac, capables de seconder le responsable d\u2019une petite entreprise ou le manager d\u2019un service dans une soci\u00e9t\u00e9 plus importante, une collectivit\u00e9 territoriale, une administration, une association\u2026 &nbsp; Le titulaire du [&hellip;]<\/p>\n","protected":false},"author":3,"featured_media":0,"parent":0,"menu_order":0,"comment_status":"closed","ping_status":"closed","template":"","meta":{"ngg_post_thumbnail":0,"_mc_calendar":[],"footnotes":""},"class_list":["post-4971","page","type-page","status-publish","hentry"],"_links":{"self":[{"href":"https:\/\/www.lyceesamuelraapoto.com\/index.php?rest_route=\/wp\/v2\/pages\/4971","targetHints":{"allow":["GET"]}}],"collection":[{"href":"https:\/\/www.lyceesamuelraapoto.com\/index.php?rest_route=\/wp\/v2\/pages"}],"about":[{"href":"https:\/\/www.lyceesamuelraapoto.com\/index.php?rest_route=\/wp\/v2\/types\/page"}],"author":[{"embeddable":true,"href":"https:\/\/www.lyceesamuelraapoto.com\/index.php?rest_route=\/wp\/v2\/users\/3"}],"replies":[{"embeddable":true,"href":"https:\/\/www.lyceesamuelraapoto.com\/index.php?rest_route=%2Fwp%2Fv2%2Fcomments&post=4971"}],"version-history":[{"count":0,"href":"https:\/\/www.lyceesamuelraapoto.com\/index.php?rest_route=\/wp\/v2\/pages\/4971\/revisions"}],"wp:attachment":[{"href":"https:\/\/www.lyceesamuelraapoto.com\/index.php?rest_route=%2Fwp%2Fv2%2Fmedia&parent=4971"}],"curies":[{"name":"wp","href":"https:\/\/api.w.org\/{rel}","templated":true}]}}

<p>Le nouveau bac professionnel Assistance à la gestion des organisations et de leurs activités a été créé pour répondre au <strong>besoin d’assistants polyvalents de niveau bac,</strong> capables de seconder le responsable d’une petite entreprise ou le manager d’un service dans une société plus importante, une collectivité territoriale, une administration, une association…</p>
<p>&nbsp;</p>
<p>Le titulaire du bac pro gestion administration sera capable de <strong>prendre en charge toutes les activités relevant de la gestion administrative</strong> :</p>
<p>&#8211; gestion commerciale,</p>
<p>&#8211; communication,</p>
<p>&#8211; gestion du personnel,</p>
<p>&#8211; gestion de la production,</p>
<p>&#8211; mise en œuvre de projets&#8230;</p>
<p>&nbsp;</p>
<p>L’originalité du nouveau bac pro AGORA réside dans <strong>l’organisation de la formation</strong>.</p>
<p>Les salles et les équipements se rapprochent de ce que l’on trouve dans le monde professionnel : de vraies banques d’accueil, des standards téléphoniques, ne décoration semblable à celle d’une entreprise ; pas de salle de classe traditionnelle, mais des tables de réunion autour desquelles professeur et élèves préparent les actions à réaliser ensuite sur PC.</p>
<p>&nbsp;</p>
<p>Les futurs bacheliers sont <strong>confrontés à des situations professionnelles</strong> au cours de leurs 3 années de formation : par exemple, préparer l’assemblée générale d’une association, organiser le déplacement de commerciaux à l’étranger ou l’arbre de Noël de l’entreprise.</p>
<p>&nbsp;</p>
<p><span style="text-decoration: underline;"><strong>ENSEIGNEMENTS</strong></span></p>
<p>&nbsp;</p>
<p>&#8211; Éducation civique juridique et sociale (ECJS) (0,5h)<br />
&#8211; Vie sociale et professionnelle (VSP) (1h)<br />
&#8211; Comptabilité (7h)<br />
&#8211; Communication et Organisation (7h)<br />
&#8211; Économie-Droit (2h)</p>
<p>&nbsp;</p>
<p>&#8211; Maths, Histoire-géographie, Français, langue vivante</p>
<p>&nbsp;</p>
<p>La formation inclut <span style="color: #ff0000;">22 semaines de formation en milieu professionnel.</span></p>
<p>&nbsp;</p>
<p><span style="text-decoration: underline;"><strong>POURSUITE D’ÉTUDES</strong></span></p>
<p>&nbsp;</p>
<p>Le bac pro AGORA autorise bien sûr certaines poursuites d’études, en particulier en BTS GPME ou en BTS MCO.</p>
<p>&nbsp;</p>
<p>Pour en savoir plus, rendez-vous sur le site de Onisep (https://www.onisep.fr/ressources/univers-formation/formations/Lycees/bac-pro-assistance-a-la-gestion-des-organisations-et-de-leurs-activites) ou consultez le référentiel publié par le ministère de l’Éducation nationale.</p>

<p>Le nouveau bac professionnel Assistance à la gestion des organisations et de leurs activités a été créé pour répondre au besoin d’assistants polyvalents de niveau bac, capables de seconder le responsable d’une petite entreprise ou le manager d’un service dans une société plus importante, une collectivité territoriale, une administration, une association… &nbsp; Le titulaire du [&hellip;]</p>
